and z?
11
Let u = -19 + 150. Let v = 133 - u. Calculate the highest common factor of v and 1.
1
Suppose -4*s - 4*n + 66 = -162, -s + 59 = 2*n. Suppose 4*k + 22 = 42. What is the greatest common factor of k and s?
5
Let b(f) = 3*f - 11. Let z be b(3). Let c be ((-1)/z)/((-4)/(-192)). Calculate the highest common factor of 12 and c.
12
Let t(r) = -r**2 + 29*r - 26. Let i be t(27). Suppose i = 12*m - 11*m. Calculate the greatest common divisor of 4 and m.
4
Let z be (-2)/8 - (216/32 + -11). Let n(m) = m + 36. Let f be n(0). Suppose -3*y = -z*y + f. What is the highest common divisor of y and 36?
36
Suppose -3*u - 215 = -14. Let y = -43 - u. What is the greatest common divisor of 16 and y?
8
Let u = -6 - -12. Let l(j) = -j**3 + 10*j**2 + 15*j - 35. Let f be l(11). What is the greatest common divisor of u and f?
3
Let s(m) = -6*m - 30. Let j be s(-16). Suppose 5 = 3*b - 1. Suppose -n + j = -b. What is the highest common factor of n and 17?
17
Let y(v) = 13*v**2 - 60*v + 39. Let q(p) = 3*p**2 - 15*p + 10. Let x(k) = -9*q(k) + 2*y(k). Let u be x(14). What is the highest common factor of u and 4?
2
Suppose 248*x + 495 = 257*x. What is the greatest common divisor of 715 and x?
55
Let r = 1657 + -1059. What is the greatest common divisor of 26 and r?
26
Let s(k) be the second derivative of k**5/20 - 13*k**4/12 + 13*k**3/6 + 14*k**2 - 38*k. Let c be s(12). What is the greatest common divisor of c and 60?
20
Let f(y) = -y**3 + y**2 + 32. Let g be f(0). Suppose 36*j - 11*j - 416 = 12*j. What is the greatest common divisor of g and j?
32
Suppose -37*s + 20*s + 918 = 0. Calculate the highest common factor of s and 18.
18
Let k be 0 - 5/(-20)*-2*-2. What is the greatest common factor of k and 2?
1
Let u(l) = -l**3 + 3*l**2 + 6*l - 3. Let d be u(4). Let i be (d + 1 + -5)/(2/38). Calculate the highest common divisor of i and 171.
19
Suppose -172 - 28 = 5*s. Let r = s + -11. Let a = r + 93. Calculate the highest common factor of a and 6.
6
Suppose -498 = -4*y + 210. What is the greatest common factor of 118 and y?
59
Let m(o) = 6*o**2 + 5*o - 3*o + 3 - 6 + o**3. Suppose 15 = -3*r - 3*n, 5*n - 3 = 4*r + 8. Let a be m(r). Calculate the highest common divisor of 231 and a.
21
Suppose -6 = 2*d - 5*z, 2*d = -4*z + 22 + 8. What is the highest common divisor of 259 and d?
7
Let l(p) = 8*p**2 + 13*p + 29. Let k be l(8). What is the highest common factor of k and 15?
15
Let a be ((-48)/(-9))/(6/45) + -2. What is the highest common divisor of a and 95?
19
Suppose 3988*n = 3987*n + 3. Suppose v - 3 = g - 2, v + 1 = 2*g. Calculate the greatest common divisor of v and n.
3
Suppose 4*l + 2 = 10. Let o be (6/(-4))/(l/(-224)*6). What is the highest common divisor of o and 196?
28
Suppose -3*r - 294 = -5*g, -2*g - 3*r + 126 = -0. Suppose k = 2*m + 16, -1 = 5*m + 9. What is the greatest common divisor of k and g?
12
Let a(j) = -16*j + 145. Let w be a(-23). Calculate the highest common divisor of 76 and w.
19
Suppose 4*b - 332 = 132. Let j = -101 + b. Calculate the greatest common divisor of j and 9.
3
Let p be ((-4)/4)/((-7)/6)*7. Let i(v) = 15*v**2 - v - 1. Let z be i(-1). What is the highest common factor of p and z?
3
Let u(o) = -o + 16. Let k be u(-8). What is the greatest common factor of 88 and k?
8
Suppose -4*p + 4*y = -264, p = 15*y - 16*y + 74. What is the greatest common divisor of p and 105?
35
Let o be 4*(188/16 - 3). Suppose 9*t - o = 109. What is the highest common factor of 12 and t?
4
Let v = -24 + 179. Suppose -u + 0*u + 41 = -3*d, -5*u + v = -5*d. What is the greatest common factor of u and 39?
13
Let q = 4 - 1. Suppose -11 = -2*p - q. Let d be p/(-22) - 334/(-22). Calculate the greatest common factor of d and 6.
3
Let i(v) = 3*v**3 + 2*v**2 - v + 3. Suppose 0 = -s, -5*w - s + 10 = -0*s. Let n be i(w). Calculate the greatest common divisor of n and 22.
11
Let z be 1803/24 + (-1)/8. Calculate the highest common factor of 50 and z.
25
Let i = -11 - -20. Let c(x) = -x**3 - 4*x**2 + 19*x + 69. Let o be c(-3). What is the greatest common factor of i and o?
3
Suppose 0 = 5*t - 4*b - 150, 5*t - 150 = -0*t - b. Let a be (-5 + 1)*25/(-10). What is the greatest common divisor of a and t?
10
Let b(q) = -q - 6. Let i be b(-9). What is the greatest common factor of i and 21?
3
Suppose 2*i + 2*i + 2*y = 74, y = 5*i - 75. Let t be 1/(-5) - (-242)/10. What is the highest common divisor of t and i?
8
Suppose -f + 36 = 3*l - 9, -3*f - 60 = -4*l. Let i = 165 - 90. Calculate the highest common divisor of l and i.
15
Let o(a) = -17*a - 4 + 124*a + 7. Let z be o(1). Suppose 176 = j + 3*j. What is the highest common divisor of z and j?
22
Let s(i) = -i**2 + 14*i - 25. Let k be s(11). Let p be 2/(-2 + 10)*k. What is the greatest common divisor of p and 2?
2
Suppose 330 = 3*k + 3*k. Let m be 28/7*(-10)/(-8). Suppose -16 = m*q - t - 69, 3*q - 29 = 2*t. Calculate the greatest common factor of k and q.
11
Let c = -96 + 98. What is the greatest common factor of c and 27?
1
Let i be (5 + -6)/(1/(-3)). Suppose 0 = 3*c + 2*c + 15. Let r be i + (6 + c)*1. What is the highest common factor of r and 24?
6
Suppose 9 = -5*n + 3*i, 4*n - i + 10 = -0*i. Let j be ((-9)/(-6))/n*-58. Calculate the highest common divisor of j and 232.
29
Let c(b) = 6 + 5546*b + 0 - 5544*b. Suppose -l - 17 = o - 3*o, 3*l = o - 21. Let m be c(o). Calculate the greatest common divisor of 162 and m.
18
Suppose 1 + 1 = -2*m. Let l be (-1605)/(-45) - m/3. Calculate the greatest common divisor of 9 and l.
9
Let k = 843 - 805. What is the greatest common divisor of k and 38?
38
Let t be (672/(-35))/(3 - (-32)/(-10)). Let x = -52 + t. What is the highest common divisor of 110 and x?
22
Let a(x) = x**3 - 27*x**2 + 4*x - 3. Let q be a(27). What is the greatest common factor of 15 and q?
15
Suppose -v - 4*p + 8 = 0, -2*p = -2*v + 7*v - 22. Suppose -2*q = m - 165, -2*m - 381 = -v*q - 71. What is the greatest common divisor of 10 and q?
10
Let g = 127 - -162. Let x = -205 + g. What is the highest common factor of x and 28?
28
Let b be (-4)/6 - 1116/(-54). Calculate the greatest common factor of 160 and b.
20
Let n be 8/(32/(-426))*-4. Calculate the greatest common factor of 18 and n.
6
Let t be -1 + 208 + 1 + 1. What is the highest common divisor of 133 and t?
19
Let q(d) = -10*d - 24. Let h(a) = 3*a + 8. Let k(m) = 7*h(m) + 2*q(m). Let g be k(0). Calculate the highest common divisor of g and 16.
8
Let w(x) = 13*x + 92. Let h be w(-7). What is the highest common divisor of h and 4?
1
Let s = -28 + 38. Let u be (1 - 5)*(-25)/(-10). Let y be u*4/(-4)*5. What is the greatest common factor of s and y?
10
Let p = 116 + -52. Let h(a) = a**2 + 6*a - 8. Suppose -2*g - 5*d - 15 = 0, -4*g - 2*d = -d + 39. Let y be h(g). Calculate the highest common factor of y and p.
32
Let l be (9/2)/(2/(-4)). Let v be 6/l + (-26)/(-3). Let r be 9/(36/v) + 1. Calculate the greatest common factor of r and 6.
3
Let o(p) = p**2 - p + 18. Let a be o(0). Let s = -14 + a. Suppose s*v - 5*v + 2*g + 34 = 0, v + 4*g - 58 = 0. Calculate the greatest common divisor of v and 6.
6
Suppose -42 = 4*p - s + 3*s, 4*p + 47 = -3*s. Let n be 2/p*-2*(-20 + 50). Calculate the highest common divisor of 105 and n.
15
Suppose -96*m + 1632 = -48*m. Calculate the greatest common divisor of 493 and m.
17
Let d(y) = -y**3 - 20*y**2 - 16*y + 18. Let f be d(-19). Let r = -24 - f. What is the highest common factor of r and 30?
15
Let g(d) = 4*d + 4. Let w(u) = -u. Let y(i) = g(i) + 3*w(i). Let k be y(-5). Let s be (-4)/5*(k + -4). What is the greatest common factor of 36 and s?
4
Suppose -3*k + 363 = -4*y, -3*k + y - 242 = -5*k. Calculate the greatest common divisor of 55 and k.
11
Let z = 1008 + -989. What is the highest common factor of 6 and z?
1
Suppose -r - 5 = -5*u, -2*u + 24 = 2*r + 2*r. Suppose -4*j - z + 25 = -u*z, 5*j + 3*z = 44. What is the highest common factor of 63 and j?
7
Let q(d) = -51 - 3*d + 0*d - 10*d - d. Let v be q(-9). Calculate the greatest common divisor of 15 and v.
15
Let a be -20*((-360)/32 + 2/2). Calculate the highest common factor of a and 5.
5
Suppose 115 = 7*b - 326. Calculate the highest common divisor of 210 and b.
21
Suppose -4*d = 20, -15*i + 3*d - 4165 = -19*i. Calculate the highest common factor of 55 and i.
55
Suppose -48*i + 50*i - 14 = 0. What i